{"id":13,"date":"2023-11-10T11:18:13","date_gmt":"2023-11-10T14:18:13","guid":{"rendered":"https:\/\/paulolimajunior.adv.br\/?page_id=13"},"modified":"2025-04-20T03:12:28","modified_gmt":"2025-04-20T06:12:28","slug":"homepage","status":"publish","type":"page","link":"https:\/\/paulolimajunior.adv.br\/","title":{"rendered":"Advocacia: Promo\u00e7\u00e3o de direitos, bem-estar e Justi\u00e7a."},"content":{"rendered":"\n<p>Sobre a atua\u00e7\u00e3o do advogado na sociedade democr\u00e1tica de Direito.<\/p>\n\n\n\n<div class=\"wp-block-cover alignfull is-light has-medium-font-size\"><span aria-hidden=\"true\" class=\"wp-block-cover__background has-background-dim-100 has-background-dim\" style=\"background-color:#fefefe\"><\/span><div class=\"wp-block-cover__inner-container is-layout-flow wp-block-cover-is-layout-flow\">\n<p class=\"has-base-3-color has-text-color has-background has-link-color wp-elements-b1c9c8aa1894953c593ddb3bf29390e0\" style=\"background-color:#dfdfdf\">A advocacia, como <strong>fun\u00e7\u00e3o essencial na Democracia<\/strong>, desempenha um papel fundamental na <strong>prote\u00e7\u00e3o dos direitos individuais<\/strong>, na <strong>promo\u00e7\u00e3o da justi\u00e7a<\/strong> e na <strong>manuten\u00e7\u00e3o do Estado de Direito<\/strong>. Advogados atuam como guardi\u00f5es dos princ\u00edpios democr\u00e1ticos, defendendo a igualdade, a liberdade e a equidade perante a lei. \u00c9 atrav\u00e9s da atua\u00e7\u00e3o do advogado que o cidad\u00e3o tem acesso \u00e0 Justi\u00e7a para pleitear a realiza\u00e7\u00e3o seus direitos pela presta\u00e7\u00e3o jurisdicional.<\/p>\n\n\n\n<figure class=\"wp-block-image size-large\"><img loading=\"lazy\" decoding=\"async\" width=\"1024\" height=\"379\" src=\"http:\/\/paulolimajunior.adv.br\/wp-content\/uploads\/2023\/11\/banner_destaque-1024x379.png\" alt=\"\" class=\"wp-image-68\" srcset=\"https:\/\/paulolimajunior.adv.br\/wp-content\/uploads\/2023\/11\/banner_destaque-1024x379.png 1024w, https:\/\/paulolimajunior.adv.br\/wp-content\/uploads\/2023\/11\/banner_destaque-300x111.png 300w, https:\/\/paulolimajunior.adv.br\/wp-content\/uploads\/2023\/11\/banner_destaque-768x284.png 768w, https:\/\/paulolimajunior.adv.br\/wp-content\/uploads\/2023\/11\/banner_destaque.png 1080w\" sizes=\"(max-width: 1024px) 100vw, 1024px\" \/><\/figure>\n\n\n\n<p class=\"has-base-3-color has-text-color has-background has-link-color has-medium-font-size wp-elements-3d4d3be7301b5f0fab169932c34f22ea\" style=\"background-color:#e9e9e9\">No contexto democr\u00e1tico, a advocacia \u00e9 o contrapeso que <strong>assegura que todos, independentemente de sua posi\u00e7\u00e3o social ou econ\u00f4mica, tenham acesso \u00e0 justi\u00e7a<\/strong>. Os advogados atuam na defesa dos direitos fundamentais, garantindo que as institui\u00e7\u00f5es e os poderes p\u00fablicos estejam submetidos \u00e0s leis e \u00e0 Constitui\u00e7\u00e3o.<\/p>\n\n\n\n<p class=\"has-base-3-color has-text-color has-background has-link-color has-medium-font-size wp-elements-ca155c43321b801e46978750c9635a32\" style=\"background-color:#e3e3e3\">Al\u00e9m disso, a <strong>advocacia contribui para a participa\u00e7\u00e3o cidad\u00e3<\/strong> ao empoderar indiv\u00edduos atrav\u00e9s do conhecimento de seus direitos e deveres. O advogado, ao agir como <strong>intermedi\u00e1rio entre o cidad\u00e3o e o sistema judicial<\/strong>, fortalece os alicerces da democracia, promovendo a transpar\u00eancia, a <em>accountability<\/em> e a responsabilidade governamental. Assim, a advocacia se consolida como um pilar essencial na constru\u00e7\u00e3o e preserva\u00e7\u00e3o de sociedades democr\u00e1ticas.<\/p>\n<\/div><\/div>\n","protected":false},"excerpt":{"rendered":"<p>Sobre a atua\u00e7\u00e3o do advogado na sociedade democr\u00e1tica de Direito.<\/p>\n","protected":false},"author":1,"featured_media":0,"parent":0,"menu_order":0,"comment_status":"closed","ping_status":"closed","template":"","meta":{"_monsterinsights_skip_tracking":false,"_monsterinsights_sitenote_active":false,"_monsterinsights_sitenote_note":"","_monsterinsights_sitenote_category":0,"_uf_show_specific_survey":0,"_uf_disable_surveys":false,"footnotes":""},"aioseo_notices":[],"_links":{"self":[{"href":"https:\/\/paulolimajunior.adv.br\/index.php?rest_route=\/wp\/v2\/pages\/13"}],"collection":[{"href":"https:\/\/paulolimajunior.adv.br\/index.php?rest_route=\/wp\/v2\/pages"}],"about":[{"href":"https:\/\/paulolimajunior.adv.br\/index.php?rest_route=\/wp\/v2\/types\/page"}],"author":[{"embeddable":true,"href":"https:\/\/paulolimajunior.adv.br\/index.php?rest_route=\/wp\/v2\/users\/1"}],"replies":[{"embeddable":true,"href":"https:\/\/paulolimajunior.adv.br\/index.php?rest_route=%2Fwp%2Fv2%2Fcomments&post=13"}],"version-history":[{"count":22,"href":"https:\/\/paulolimajunior.adv.br\/index.php?rest_route=\/wp\/v2\/pages\/13\/revisions"}],"predecessor-version":[{"id":205,"href":"https:\/\/paulolimajunior.adv.br\/index.php?rest_route=\/wp\/v2\/pages\/13\/revisions\/205"}],"wp:attachment":[{"href":"https:\/\/paulolimajunior.adv.br\/index.php?rest_route=%2Fwp%2Fv2%2Fmedia&parent=13"}],"curies":[{"name":"wp","href":"https:\/\/api.w.org\/{rel}","templated":true}]}}

Advocacia: Promoção de direitos, bem-estar e Justiça.

<p>Sobre a atuação do advogado na sociedade democrática de Direito.</p>



<div class="wp-block-cover alignfull is-light has-medium-font-size"><span aria-hidden="true" class="wp-block-cover__background has-background-dim-100 has-background-dim" style="background-color:#fefefe"></span><div class="wp-block-cover__inner-container is-layout-flow wp-block-cover-is-layout-flow">
<p class="has-base-3-color has-text-color has-background has-link-color wp-elements-b1c9c8aa1894953c593ddb3bf29390e0" style="background-color:#dfdfdf">A advocacia, como <strong>função essencial na Democracia</strong>, desempenha um papel fundamental na <strong>proteção dos direitos individuais</strong>, na <strong>promoção da justiça</strong> e na <strong>manutenção do Estado de Direito</strong>. Advogados atuam como guardiões dos princípios democráticos, defendendo a igualdade, a liberdade e a equidade perante a lei. É através da atuação do advogado que o cidadão tem acesso à Justiça para pleitear a realização seus direitos pela prestação jurisdicional.</p>



<figure class="wp-block-image size-large"><img loading="lazy" decoding="async" width="1024" height="379" src="http://paulolimajunior.adv.br/wp-content/uploads/2023/11/banner_destaque-1024x379.png" alt="" class="wp-image-68" srcset="https://paulolimajunior.adv.br/wp-content/uploads/2023/11/banner_destaque-1024x379.png 1024w, https://paulolimajunior.adv.br/wp-content/uploads/2023/11/banner_destaque-300x111.png 300w, https://paulolimajunior.adv.br/wp-content/uploads/2023/11/banner_destaque-768x284.png 768w, https://paulolimajunior.adv.br/wp-content/uploads/2023/11/banner_destaque.png 1080w" sizes="(max-width: 1024px) 100vw, 1024px" /></figure>



<p class="has-base-3-color has-text-color has-background has-link-color has-medium-font-size wp-elements-3d4d3be7301b5f0fab169932c34f22ea" style="background-color:#e9e9e9">No contexto democrático, a advocacia é o contrapeso que <strong>assegura que todos, independentemente de sua posição social ou econômica, tenham acesso à justiça</strong>. Os advogados atuam na defesa dos direitos fundamentais, garantindo que as instituições e os poderes públicos estejam submetidos às leis e à Constituição.</p>



<p class="has-base-3-color has-text-color has-background has-link-color has-medium-font-size wp-elements-ca155c43321b801e46978750c9635a32" style="background-color:#e3e3e3">Além disso, a <strong>advocacia contribui para a participação cidadã</strong> ao empoderar indivíduos através do conhecimento de seus direitos e deveres. O advogado, ao agir como <strong>intermediário entre o cidadão e o sistema judicial</strong>, fortalece os alicerces da democracia, promovendo a transparência, a <em>accountability</em> e a responsabilidade governamental. Assim, a advocacia se consolida como um pilar essencial na construção e preservação de sociedades democráticas.</p>
</div></div>

<p>Sobre a atuação do advogado na sociedade democrática de Direito.</p>
